e greatest common divisor of 460 and 85310105?
115
What is the highest common divisor of 970224 and 7412?
68
What is the highest common divisor of 1966 and 19828093?
983
Calculate the highest common factor of 472361 and 2022243.
1681
What is the highest common divisor of 71230 and 20910?
170
What is the highest common factor of 126 and 10033086?
42
What is the greatest common factor of 37577030 and 70?
10
Calculate the greatest common divisor of 1052 and 8718187.
263
Calculate the highest common divisor of 154 and 3358978.
14
What is the greatest common divisor of 464577 and 22?
1
Calculate the highest common factor of 116653054 and 70.
14
What is the highest common factor of 22832 and 816?
16
What is the highest common divisor of 95 and 61055?
5
Calculate the greatest common divisor of 2228646 and 4935.
987
What is the highest common factor of 1981733 and 169?
13
What is the highest common factor of 343098 and 2250?
18
Calculate the highest common factor of 816 and 15815984.
272
What is the greatest common factor of 370187 and 1161?
43
Calculate the greatest common divisor of 10616623 and 427.
61
What is the highest common factor of 804528 and 22197?
453
Calculate the greatest common divisor of 126029 and 1396767.
653
Calculate the greatest common divisor of 29034512 and 1872.
208
Calculate the highest common divisor of 3355324 and 26182.
2014
Calculate the highest common factor of 421917375 and 725.
725
Calculate the highest common factor of 11856 and 57174.
78
What is the greatest common divisor of 41180 and 208910258?
4118
What is the highest common factor of 4274796480 and 4440?
4440
What is the greatest common factor of 138367017 and 6507?
2169
Calculate the greatest common divisor of 348 and 7634308.
116
Calculate the greatest common factor of 15370217 and 75397.
10771
Calculate the highest common divisor of 6971958 and 105.
21
Calculate the highest common divisor of 2050 and 247025.
1025
Calculate the highest common divisor of 336298 and 160366.
362
Calculate the greatest common factor of 969174 and 79074.
414
Calculate the greatest common divisor of 12312 and 12709062.
3078
What is the greatest common divisor of 63098829 and 94221?
3249
What is the greatest common divisor of 130601440 and 1216?
608
Calculate the greatest common factor of 4823898 and 193866.
474
Calculate the greatest common factor of 4363142 and 406.
14
What is the greatest common divisor of 1036 and 41123243?
259
What is the greatest common factor of 7237001 and 13651?
73
What is the highest common factor of 21737784 and 51656?
4696
What is the highest common factor of 70644 and 373044?
84
What is the greatest common divisor of 32712 and 1103160?
696
What is the highest common factor of 3879064 and 448?
56
Calculate the highest common factor of 1323432 and 45144.
2376
What is the greatest common factor of 1606775 and 1775?
25
Calculate the highest common divisor of 69004 and 23348.
52
Calculate the greatest common divisor of 142235940 and 2142.
714
Calculate the highest common factor of 10298125 and 375.
125
Calculate the highest common divisor of 84326222 and 508.
254
Calculate the highest common divisor of 115080 and 4560.
120
What is the highest common divisor of 12472 and 739224?
8
What is the highest common factor of 831 and 303501975?
831
What is the greatest common divisor of 40698936 and 11584?
1448
What is the highest common factor of 365804 and 5894814?
1678
What is the highest common factor of 880 and 2891352?
8
Calculate the highest common factor of 130581601 and 178.
89
Calculate the greatest common factor of 254 and 77195299.
127
What is the highest common divisor of 58 and 125471487?
29
Calculate the highest common factor of 2772 and 2887500.
924
Calculate the greatest common factor of 85 and 23580173.
17
What is the greatest common factor of 8036 and 7260444?
164
What is the greatest common divisor of 133746 and 13794?
6
Calculate the highest common divisor of 2797 and 989631743.
2797
Calculate the highest common factor of 1411 and 58265834.
1411
Calculate the highest common divisor of 36547 and 934444.
161
What is the highest common divisor of 35 and 40610910?
5
Calculate the greatest common factor of 33020 and 1751711.
1651
Calculate the highest common factor of 96934 and 172703.
17
Calculate the highest common divisor of 38843 and 1622993.
179
What is the highest common factor of 2385612 and 12312?
324
What is the highest common factor of 55808913 and 41?
41
What is the highest common factor of 21382385 and 167185?
5765
Calculate the greatest common factor of 679066792 and 16.
8
Calculate the greatest common divisor of 20426972 and 28348.
1492
What is the greatest common divisor of 767219 and 496?
31
Calculate the greatest common factor of 1476 and 8777403.
369
What is the greatest common factor of 18015 and 52509?
3
Calculate the greatest common divisor of 200 and 3807475.
25
Calculate the greatest common divisor of 11245396 and 16.
4
Calculate the greatest common divisor of 44243 and 239967.
293
Calculate the highest common divisor of 6383 and 1882003.
491
Calculate the greatest common factor of 9710 and 224684545.
4855
Calculate the highest common divisor of 415000 and 1114275.
2075
Calculate the greatest common divisor of 82063 and 1689347.
137
What is the highest common factor of 68 and 63207751?
17
Calculate the greatest common divisor of 5075 and 17074533.
203
Calculate the highest common factor of 27 and 27885735.
27
Calculate the greatest common divisor of 1039 and 216566043.
1039
Calculate the highest common factor of 534 and 1032072.
6
What is the greatest common divisor of 391490718 and 4?
2
What is the highest common factor of 151844435 and 580?
145
Calculate the greatest common divisor of 13898297 and 7.
7
What is the greatest common divisor of 58 and 11479099?
29
Calculate the highest common factor of 5229 and 16192764.
63
Calculate the greatest common factor of 223344 and 9353.
47
What is the highest common factor of 248 and 792328?
8
Calculate the greatest common divisor of 11971962 and 324.
162
Calculate the highest common divisor of 611931630 and 9796.
4898
Calculate the greatest common divisor of 65133125 and 276.
23
What is the greatest common factor of 934 and 4182919?
467
What is the highest common factor of 1042852 and 220?
4
What is the greatest common factor of 8948 and 4724?
4
What is the highest common divisor of 35 and 156117920?
35
What is the greatest common divisor of 6631 and 2402588?
19
Calculate the greatest common factor of 157895 and 218307.
1373
Calculate the highest common divisor of 45803 and 134149.
163
What is the greatest common divisor of 25428 and 536874?
78
Calculate the greatest common divisor of 69 and 11086161.
69
What is the highest common divisor of 1318 and 215199086?
1318
Calculate the highest common divisor of 12397590 and 81770.
6290
What is the greatest common factor of 312411 and 1155?
33
What is the highest common divisor of 253704654 and 8271?
8271
Calculate the greatest common factor of 170 and 232850785.
85
What is the greatest common divisor of 112135380 and 280?
140
Calculate the highest common factor of 2264 and 64757192.
2264
What is the greatest common divisor of 111528 and 6948814?
3098
Calculate the highest common factor of 4026288 and 252336.
336
What is the highest common factor of 278966103 and 611?
611
What is the greatest common divisor of 28391 and 12180?
29
Calculate the highest common factor of 113 and 78310695.
113
What is the greatest common factor of 462 and 197892618?
462
What is the highest common factor of 10 and 20127130?
10
Calculate the highest common divisor of 193555 and 1140.
5
Calculate the highest common factor of 7836404 and 1314.
146
Calculate the greatest common divisor of 7227 and 216985857.
2409
Calculate the greatest common divisor of 25243348 and 309936.
2348
What is the greatest common divisor of 4380917 and 141?
47
Calculate the greatest common factor of 3500 and 22662052.
28
What is the highest common divisor of 834837642 and 18?
18
What is the greatest common factor of 38744 and 115896664?
1336
Calculate the highest common divisor of 2090 and 1506054.
418
Calculate the greatest common factor of 24660 and 103636116.
4932
Calculate the greatest c